d millions digit of 1531482611?
5
What is the millions digit of 19288547?
9
What is the ten millions digit of 497231663?
9
What is the hundred thousands digit of 3191881097?
8
What is the units digit of 426005216?
6
What is the units digit of 36170095?
5
What is the hundreds digit of 91922875?
8
What is the hundred thousands digit of 13088029?
0
What is the tens digit of 204709680?
8
What is the ten millions digit of 243814157?
4
What is the hundred thousands digit of 648242?
6
What is the hundreds digit of 5066947?
9
What is the tens digit of 17982943?
4
What is the ten millions digit of 23653030?
2
What is the tens digit of 173419998?
9
What is the millions digit of 579165116?
9
What is the thousands digit of 36210640?
0
What is the hundred millions digit of 906664457?
9
What is the hundreds digit of 339526740?
7
What is the tens digit of 1940283923?
2
What is the hundreds digit of 3510283476?
4
What is the thousands digit of 13191932?
1
What is the thousands digit of 218792954?
2
What is the units digit of 85544972?
2
What is the ten millions digit of 5081258128?
8
What is the millions digit of 9977594?
9
What is the thousands digit of 1281929258?
9
What is the ten thousands digit of 51997788?
9
What is the thousands digit of 17849034?
9
What is the millions digit of 161480678?
1
What is the tens digit of 126513356?
5
What is the hundreds digit of 57025018?
0
What is the ten thousands digit of 539774505?
7
What is the hundred thousands digit of 82784052?
7
What is the ten thousands digit of 67928751?
2
What is the units digit of 19049822?
2
What is the millions digit of 1406126585?
6
What is the ten thousands digit of 287960513?
6
What is the hundred thousands digit of 378512391?
5
What is the hundred millions digit of 758171406?
7
What is the thousands digit of 1739596893?
6
What is the hundred thousands digit of 632080716?
0
What is the units digit of 59448241?
1
What is the tens digit of 1081288184?
8
What is the ten millions digit of 332572585?
3
What is the tens digit of 156844529?
2
What is the units digit of 7522160?
0
What is the tens digit of 244166687?
8
What is the ten thousands digit of 3611967913?
6
What is the ten thousands digit of 1830474980?
7
What is the ten millions digit of 20529929?
2
What is the hundred thousands digit of 19450463?
4
What is the ten thousands digit of 4604714?
0
What is the tens digit of 1070523?
2
What is the tens digit of 121340574?
7
What is the tens digit of 1293642555?
5
What is the hundreds digit of 7746970?
9
What is the thousands digit of 130465634?
5
What is the units digit of 289648536?
6
What is the tens digit of 79546511?
1
What is the billions digit of 2183458912?
2
What is the tens digit of 2874523135?
3
What is the hundreds digit of 187787029?
0
What is the tens digit of 230590567?
6
What is the hundred thousands digit of 91592047?
5
What is the millions digit of 85458338?
5
What is the tens digit of 548603330?
3
What is the hundreds digit of 167186302?
3
What is the units digit of 256582956?
6
What is the tens digit of 841496643?
4
What is the units digit of 44023741?
1
What is the hundreds digit of 20511774?
7
What is the thousands digit of 2886576644?
6
What is the thousands digit of 667810848?
0
What is the units digit of 39189416?
6
What is the hundred thousands digit of 123703282?
7
What is the ten millions digit of 69428008?
6
What is the hundred millions digit of 484349889?
4
What is the hundreds digit of 54282161?
1
What is the units digit of 138348015?
5
What is the tens digit of 1130922459?
5
What is the millions digit of 32356230?
2
What is the hundred millions digit of 594383623?
5
What is the ten millions digit of 24222536?
2
What is the millions digit of 63442259?
3
What is the thousands digit of 24659022?
9
What is the ten millions digit of 1782726317?
8
What is the hundreds digit of 414339186?
1
What is the ten thousands digit of 865791684?
9
What is the millions digit of 6873477?
6
What is the hundreds digit of 8286630?
6
What is the hundred millions digit of 1696125330?
6
What is the ten thousands digit of 95625900?
2
What is the units digit of 994726192?
2
What is the tens digit of 4770305841?
4
What is the millions digit of 28838232?
8
What is the hundreds digit of 33390045?
0
What is the hundreds digit of 99729789?
7
What is the ten thousands digit of 9078838559?
3
What is the units digit of 789986558?
8
What is the hundred thousands digit of 77939427?
9
What is the hundred thousands digit of 702429930?
4
What is the units digit of 4059283?
3
What is the tens digit of 37213732?
3
What is the hundreds digit of 501732382?
3
What is the tens digit of 171934471?
7
What is the tens digit of 1454424909?
0
What is the units digit of 35055697?
7
What is the hundred thousands digit of 24806794?
8
What is the thousands digit of 3494040097?
0
What is the ten millions digit of 8675628042?
7
What is the units digit of 1178448055?
5
What is the tens digit of 93745629?
2
What is the ten thousands digit of 6402426071?
2
What is the hundreds digit of 53911630?
6
What is the hundred millions digit of 239684977?
2
What is the tens digit of 24454792?
9
What is the hundred thousands digit of 36383896?
3
What is the thousands digit of 171623594?
3
What is the tens digit of 211279159?
5
What is the ten thousands digit of 108203349?
0
What is the thousands digit of 211128170?
8
What is the ten millions digit of 79691582?
7
What is the thousands digit of 1407686?
7
What is the units digit of 844024825?
5
What is the ten millions digit of 60585662?
6
What is the units digit of 149827559?
9
What is the hundred thousands digit of 74537547?
5
What is the thousands digit of 184500121?
0
What is the thousands digit of 7755183?
5
What is the billions digit of 4254810116?
4
What is the units digit of 444543853?
3
What is the units digit of 7324366?
6
What is the hundreds digit of 794164683?
6
What is the hundreds digit of 238333131?
1
What is the hundred thousands digit of 145336861?
3
What is the millions digit of 330962511?
0
What is the ten millions digit of 2667392924?
6
What is the ten millions digit of 186815798?
8
What is the thousands digit of 426979409?
9
What is the units digit of 96198936?
6
What is the hundreds digit of 36168094?
0
What is the hundreds digit of 28307653?
6
What is the millions digit of 338236177?
8
What is the ten millions digit of 48200713?
4
What is the units digit of 34535630?
0
What is the ten millions digit of 1009462217?
0
What is the hundred millions digit of 146262400?
1
What is the hundreds digit of 8845678?
6
What is the billions digit of 1741773799?
1
What is the millions digit of 470815497?
0
What is the hundred thousands digit of 52502056?
5
What is the ten millions digit of 18112148?
1
What is the thousands digit of 2233191675?
1
What is the ten millions digit of 42889693?
4
What is the ten millions digit of 495435412?
9
What is the ten millions digit of 208613708?
0
What is the hundred thousands digit of 235285197?
2
What is the hundreds digit of 2731059217?
2
What is the ten thousands digit of 110636955?
3
What is the tens digit of 884787757?
5
What is the hundreds digit of 306498193?
1
What is the millions digit of 75880088?
5
What is the hundred thousands digit of 144841824?
8
What is the hundreds digit of 52967510?
5
What is the hundred thousands digit of 150968818?
9
What is the ten thousands digit of 26311158?
1
What is the billions digit of 3365456689?
3
What is the hundreds digit of 1285339401?
4
What is the hundred millions digit of 992295087?
9
What is the millions digit of 102003807?
2
What is the hundred thousands digit of 218503501?
5
What is the hundreds digit of 2321132191?
1
What is the hundred millions digit of 797659131?
7
What is the tens digit of 2614937138?
3
What is the millions digit of 166007167?
6
What is the tens digit of 111245939?
3
What is the units digit of 39374906?
6
What is the hundred thousands digit of 479463017?
4
What is the ten millions digit of 294647552?
9
What is the millions digit of 97927415?
7
What is the hundred thousands digit of 1920785295?
7
What is the hundreds digit of 306901572?
5
What is the ten thousands digit of 911466091?
6
What is the millions digit of 9760742?
9
What is the millions digit of 46